mainder when 486 is divided by 132?
90
What is the remainder when 2680 is divided by 43?
14
Calculate the remainder when 1602 is divided by 4.
2
What is the remainder when 276 is divided by 56?
52
Calculate the remainder when 476 is divided by 8.
4
Calculate the remainder when 1508 is divided by 49.
38
Calculate the remainder when 425 is divided by 46.
11
What is the remainder when 335 is divided by 85?
80
What is the remainder when 342 is divided by 49?
48
What is the remainder when 67 is divided by 34?
33
What is the remainder when 327 is divided by 7?
5
Calculate the remainder when 55 is divided by 18.
1
Calculate the remainder when 583 is divided by 177.
52
What is the remainder when 715 is divided by 97?
36
Calculate the remainder when 125 is divided by 7.
6
What is the remainder when 7797 is divided by 10?
7
Calculate the remainder when 402 is divided by 29.
25
What is the remainder when 175 is divided by 29?
1
Calculate the remainder when 3653 is divided by 168.
125
What is the remainder when 86 is divided by 8?
6
Calculate the remainder when 1044 is divided by 102.
24
What is the remainder when 580 is divided by 84?
76
Calculate the remainder when 267 is divided by 15.
12
Calculate the remainder when 164 is divided by 134.
30
Calculate the remainder when 193 is divided by 77.
39
What is the remainder when 234 is divided by 42?
24
What is the remainder when 12014 is divided by 45?
44
What is the remainder when 385 is divided by 367?
18
What is the remainder when 76 is divided by 21?
13
What is the remainder when 98 is divided by 6?
2
What is the remainder when 7796 is divided by 300?
296
What is the remainder when 18372 is divided by 175?
172
Calculate the remainder when 687 is divided by 27.
12
What is the remainder when 75 is divided by 11?
9
Calculate the remainder when 523 is divided by 103.
8
What is the remainder when 151 is divided by 19?
18
Calculate the remainder when 207 is divided by 43.
35
Calculate the remainder when 341 is divided by 325.
16
Calculate the remainder when 2 is divided by 2.
0
Calculate the remainder when 5521 is divided by 17.
13
What is the remainder when 138 is divided by 20?
18
What is the remainder when 2813 is divided by 67?
66
Calculate the remainder when 185 is divided by 23.
1
What is the remainder when 6102 is divided by 56?
54
What is the remainder when 88 is divided by 24?
16
Calculate the remainder when 1248 is divided by 39.
0
What is the remainder when 2159 is divided by 108?
107
What is the remainder when 89346 is divided by 29?
26
What is the remainder when 163 is divided by 46?
25
What is the remainder when 737 is divided by 367?
3
Calculate the remainder when 527 is divided by 263.
1
What is the remainder when 1885 is divided by 41?
40
What is the remainder when 19 is divided by 14?
5
What is the remainder when 139 is divided by 13?
9
What is the remainder when 399 is divided by 83?
67
What is the remainder when 19178 is divided by 278?
274
Calculate the remainder when 2904 is divided by 1451.
2
Calculate the remainder when 461 is divided by 15.
11
What is the remainder when 1556 is divided by 52?
48
What is the remainder when 6853 is divided by 2283?
4
Calculate the remainder when 81 is divided by 27.
0
Calculate the remainder when 387 is divided by 47.
11
What is the remainder when 414 is divided by 181?
52
Calculate the remainder when 115 is divided by 41.
33
Calculate the remainder when 2415 is divided by 24.
15
What is the remainder when 907 is divided by 39?
10
What is the remainder when 617 is divided by 127?
109
What is the remainder when 1119 is divided by 85?
14
Calculate the remainder when 25 is divided by 7.
4
What is the remainder when 842 is divided by 46?
14
Calculate the remainder when 3444 is divided by 428.
20
What is the remainder when 125 is divided by 75?
50
Calculate the remainder when 818 is divided by 256.
50
Calculate the remainder when 1143 is divided by 11.
10
Calculate the remainder when 137 is divided by 41.
14
What is the remainder when 4313 is divided by 13?
10
Calculate the remainder when 60 is divided by 21.
18
Calculate the remainder when 3811 is divided by 3.
1
What is the remainder when 92 is divided by 44?
4
Calculate the remainder when 3036 is divided by 17.
10
Calculate the remainder when 102 is divided by 28.
18
What is the remainder when 122 is divided by 41?
40
What is the remainder when 223 is divided by 61?
40
Calculate the remainder when 69 is divided by 61.
8
What is the remainder when 1129 is divided by 81?
76
What is the remainder when 4215 is divided by 68?
67
Calculate the remainder when 22 is divided by 13.
9
What is the remainder when 319 is divided by 99?
22
Calculate the remainder when 340 is divided by 57.
55
What is the remainder when 940 is divided by 136?
124
Calculate the remainder when 81 is divided by 25.
6
Calculate the remainder when 167 is divided by 19.
15
What is the remainder when 8048 is divided by 322?
320
Calculate the remainder when 18926 is divided by 112.
110
Calculate the remainder when 302 is divided by 14.
8
What is the remainder when 1087 is divided by 1068?
19
Calculate the remainder when 265 is divided by 42.
13
What is the remainder when 111 is divided by 48?
15
Calculate the remainder when 313 is divided by 20.
13
What is the remainder when 143 is divided by 53?
37
What is the remainder when 324 is divided by 40?
4
What is the remainder when 40 is divided by 8?
0
What is the remainder when 488 is divided by 98?
96
What is the remainder when 998 is divided by 142?
4
Calculate the remainder when 209 is divided by 102.
5
What is the remainder when 1375 is divided by 32?
31
What is the remainder when 295 is divided by 6?
1
What is the remainder when 95 is divided by 16?
15
Calculate the remainder when 117 is divided by 111.
6
Calculate the remainder when 5054 is divided by 15.
14
Calculate the remainder when 1230 is divided by 77.
75
What is the remainder when 439 is divided by 34?
31
Calculate the remainder when 893 is divided by 69.
65
Calculate the remainder when 11313 is divided by 147.
141
What is the remainder when 269 is divided by 32?
13
Calculate the remainder when 477 is divided by 7.
1
Calculate the remainder when 1012 is divided by 106.
58
Calculate the remainder when 358 is divided by 120.
118
What is the remainder when 1148 is divided by 351?
95
Calculate the remainder when 596 is divided by 57.
26
What is the remainder when 1123 is divided by 3?
1
Calculate the remainder when 205 is divided by 43.
33
What is the remainder when 285 is divided by 78?
51
Calculate the remainder when 406 is divided by 129.
19
Calculate the remainder when 84 is divided by 2.
0
Calculate the remainder when 4373 is divided by 14.
5
What is the remainder when 1129 is divided by 519?
91
What is the remainder when 227 is divided by 23?
20
Calculate the remainder when 756 is divided by 198.
162
What is the remainder when 470 is divided by 17?
11
Calculate the remainder when 51 is divided by 21.
9
What is the remainder when 2892 is divided by 67?
11
What is the remainder when 1081 is divided by 68?
61
What is the remainder when 318 is divided by 46?
42
What is the remainder when 182 is divided by 55?
17
What is the remainder when 1994 is divided by 44?
14
Calculate the remainder when 108 is divided by 4.
0
What is the remainder when 22 is divided by 1?
0
Calculate the remainder when 257 is divided by 114.
29
What is the remainder when 609 is divided by 68?
65
What is the remainder when 25 is divided by 16?
9
What is the remainder when 1766 is divided by 174?
26
What is the remainder when 10201 is divided by 19?
17
What is the remainder when 585 is divided by 49?
46
Calculate the remainder when 779 is divided by 66.
53
What is the remainder when 469 is divided by 133?
70
Calculate the remainder when 43 is divided by 40.
3
Calculate the remainder when 839 is divided by 33.
14
What is the remainder when 381 is divided by 93?
9
Calculate the remainder when 265 is divided by 134.
131
What is the remainder when 105 is divided by 66?
39
Calculate the remainder when 574 is divided by 48.
46
What is the remainder when 626 is divided by 33?
32
What is the remainder when 6403 is divided by 43?
39
Calculate the remainder when 459 is di